). Let g = p - -3. What are the prime factors of g?
17
Suppose 10*c = 3*c + 2380. What are the prime factors of c?
2, 5, 17
Let v = 5 - 9. Let a(c) = 2*c**2 - 7*c - 8. Let l be a(v). What are the prime factors of (12/3)/(8/l)?
2, 13
Let c(x) = -x**2 - x. Let y(t) = -7*t**2 + 8*t + 18. Let m(u) = -6*c(u) + y(u). Let f be m(8). What are the prime factors of (4 - f/15)*-120?
2, 3
Let x = 2981 - 530. What are the prime factors of x?
3, 19, 43
Let k(v) be the second derivative of v**5/20 + 5*v**4/6 + 3*v**3/2 + v**2 - 3*v. List the prime factors of k(-8).
2, 29
Let l(c) = -c**3 + c + 2. Let t be l(-1). Suppose -t*i - 291 = -5*k + 2*k, 5*i = -k + 97. List the prime factors of k.
97
Let w(y) be the first derivative of -y**4/4 - 7*y**3/3 + 4*y**2 + 12. What are the prime factors of w(-9)?
2, 3, 5
Suppose 0 = 4*l - 8. Suppose -g - 3*m = l*g - 150, -4*m + 100 = 2*g. What are the prime factors of g?
2, 5
Suppose -905*x + 23905 = -898*x. What are the prime factors of x?
5, 683
Let s(q) be the third derivative of 13/6*q**3 - 1/120*q**6 + 0 - 1/60*q**5 + 0*q + 2*q**2 + 0*q**4. List the prime factors of s(0).
13
Let x(p) = p**3 + 18*p**2 + 16*p - 17. Let u be x(-17). Let m(h) = 3*h + 109. List the prime factors of m(u).
109
Suppose -4 = -2*v - 2*v + 4*u, -3*u + 45 = 5*v. Suppose -p + v*p = 370. List the prime factors of p.
2, 37
What are the prime factors of 904 - (-3 + 1) - 312/52?
2, 3, 5
Suppose -10*p = -0*p - 490. Suppose -2*o = -3*w - 75 - p, w + 258 = 4*o. What are the prime factors of o?
5, 13
Suppose -4*p - 25 = 3*s - 6*s, -5*s = -4*p - 31. Suppose 2*g - s = -v - 4, -v = 3. Let b(m) = 8*m + 2. What are the prime factors of b(g)?
2, 5
Let v = -480 + 804. List the prime factors of v.
2, 3
Suppose -5*r = -3*x + 1692, -x - 2*r = 3*r - 544. What are the prime factors of x?
13, 43
Suppose 4*t = 3*m - 11, 3*t + 8 = 3*m - 4. Suppose u - f - 30 = 0, 0*f + 20 = -5*f. List the prime factors of (-6 - -5) + t*u.
5
Suppose 0 = 6*l + 2*l - 2200. Suppose -47 + l = z. List the prime factors of z.
2, 3, 19
Suppose 5*i + 5*d = 465, 0*d = -4*i - d + 360. Let w be (-460)/110 - (-4)/22. What are the prime factors of (i - w)*1/3?
31
Suppose 0 = 4*j - 2*a + 6*a + 8, -2*j - 4*a = 14. Let c(q) = 3*q**3 - q**2 + 2*q - 4. Let m be c(j). Suppose -3*b + m = -b. What are the prime factors of b?
37
Suppose -5*m = -4*h - 535 - 1010, 4*m - 1236 = -5*h. What are the prime factors of m?
3, 103
Suppose -2 = -6*s + 3*s - 2*x, 5*s + 2*x = 10. Let c be (-2)/s + 99/2. Suppose 5*d - 66 = c. List the prime factors of d.
23
Let w be 4/12 - 8/(-3). Suppose w*b - 102 = -3*j, -4*j + 0*b + 172 = -5*b. What are the prime factors of j?
2, 19
Let t = 6 - 21. Let p(d) = -6 + d**2 - 2 + 10 - 3 + 14*d. What are the prime factors of p(t)?
2, 7
Let v(o) = -22*o - 3 + 2*o**2 + 16*o + 9*o + o**3. Let f = 0 + 2. What are the prime factors of v(f)?
19
Let o be (-8*5/(-50))/((-4)/70). Let i(a) = -2*a + 34. List the prime factors of i(o).
2, 31
Let b(c) = c**3 + 25*c**2 - 33*c + 18. Suppose 0*p + 4*n + 104 = -4*p, -2*p - 52 = -n. List the prime factors of b(p).
2, 5
Let d = 29 - 24. Suppose -d*r = 20 - 155. What are the prime factors of r?
3
Let h(p) = -p**3 - 11*p**2 - 17*p + 11. Let c be h(-9). Suppose 4*b - 4*i - 180 = 0, -c*b + 4*b + 3*i - 70 = 0. List the prime factors of b.
41
Let w be (-223)/(-2) - (-10)/(-20). Suppose 2*b + w = y, -4*b + 69 = 2*y - 129. What are the prime factors of y?
3, 5, 7
Let y(c) = -82*c - 1014. What are the prime factors of y(-52)?
2, 5, 13
Let x = -17 - -11. Let j be (15/x - -3)*-12. Let i = j + 13. What are the prime factors of i?
7
Let p(w) = 81*w**2 + 19*w + 33. What are the prime factors of p(-4)?
7, 179
Let l = -616 + 724. What are the prime factors of l?
2, 3
Suppose 19 + 5 = 3*z. Let y(v) = v**3 - 6*v**2 - 7*v + 3. What are the prime factors of y(z)?
3, 5
Let o = 107 - -134. Suppose t = -0*t - q + 236, t - 4*q - o = 0. List the prime factors of t.
3, 79
What are the prime factors of (-20 - (0 - -1))*372/(-9)?
2, 7, 31
Suppose -o - f + 4 = 0, -4*f = 3*o - 12 - 0. Suppose -3*n + o*h + 214 = -n, 505 = 5*n + 5*h. What are the prime factors of n?
103
Suppose -3*s = -2*r - 65 + 19, 0 = -2*s + r + 30. Let d(u) = -2*u**3 + 11*u**2 + 4*u - 18. Let p be d(5). Let g = p - s. List the prime factors of g.
13
Suppose -v + 2009 = -o, -3*v + 0*v + 8*o = -6017. What are the prime factors of v?
2011
Suppose 16*l = 4401 + 23199. List the prime factors of l.
3, 5, 23
Let d(q) be the second derivative of -7*q**5/20 + q**4/6 + q**3/6 + q**2 - 14*q. List the prime factors of d(-2).
2
Let v(f) = 28*f**2 - 14*f + 27. What are the prime factors of v(7)?
1301
Let k(l) = -l**2 - 8*l + 1. Let y be (-8)/(4 + -3) + 3. Let g(i) = -i**2 - 5*i - 5. Let t be g(y). List the prime factors of k(t).
2
Let n = 1300 + -1259. What are the prime factors of n?
41
Suppose 0 = -2*p + 5*p - 12. Suppose -92 = -3*i + p*d, 5*i - i = 2*d + 136. List the prime factors of i.
2, 3
Let o(j) be the first derivative of -j**4/4 + 5*j**3/3 + 5*j**2/2 - 2*j + 2. Let b be o(5). Let t = -13 + b. List the prime factors of t.
2, 5
Suppose 9*d - 637 = 2*d. Let v = d + -9. List the prime factors of v.
2, 41
Suppose -227 = -3*h + m + 119, -4*m = 5*h - 588. List the prime factors of h.
2, 29
Let h(x) = x**3 + 3*x**2 - 6*x - 6. Let g be h(-4). Let s(q) = 11 + 1 + 8 + 11*q - 6*q**g + 5*q**2. List the prime factors of s(6).
2, 5
Let d = 1 - -110. List the prime factors of d.
3, 37
Suppose -4*d = -3*p + 1972, 4*d = -5*p + 4417 - 1077. Suppose 5*v = p - 229. What are the prime factors of v?
3, 29
Suppose -n = -5*n + 12. Suppose n*z - z - 3*i = 135, -160 = -3*z - 4*i. Suppose 0*g = -5*g + z. List the prime factors of g.
2, 3
Suppose 3*y - 304 = -2*x - 5, 4*x - 607 = 3*y. What are the prime factors of 3 - 0 - x/(-1)?
2, 7, 11
Let j(f) = 2*f**2 - 12*f - 12. Suppose -2*x + 16 = -0*k - 2*k, -4*x - 5*k = -50. List the prime factors of j(x).
2, 17
Suppose -7*g = -0*g - 35. Suppose 0 = g*b - 3*b - 68. List the prime factors of b.
2, 17
Let f be -2*(-1 - 0)*1. Suppose -11*j + f*j = 0. Suppose 2*k - x - 61 = j, 0 = -0*x - x + 3. What are the prime factors of k?
2
Let w(n) = 4*n**2 - 5*n - 5. Suppose 4*b + 21 = 41. List the prime factors of w(b).
2, 5, 7
Let t(r) = 21*r - 15 + 5*r + 6*r + 3*r**2. What are the prime factors of t(-15)?
2, 3, 5
Let w(f) = f**3 - 5*f**2 - 1. Let k be w(5). Let m(t) = -162*t + 4. What are the prime factors of m(k)?
2, 83
Suppose 0 = -5*x + 1061 + 159. Let j be 0/(3 - -1) - -54. Suppose 5*h + j = x. What are the prime factors of h?
2, 19
Suppose -167*s = -172*s + 24695. What are the prime factors of s?
11, 449
Let i(o) = o**3 - 13*o**2 + 13*o - 10. Let h be i(12). Suppose 136 = -h*f + 6*f. What are the prime factors of f?
2, 17
Let y(u) = -u**2 + 2*u - 1. Let m be y(0). List the prime factors of (0 - m)/((-1)/(-19)).
19
Let w(y) = -46*y - 9. List the prime factors of w(-6).
3, 89
Let r = 349 + -181. Suppose 6*h - 3*h = r. What are the prime factors of h?
2, 7
Let b(o) = o**3 - 5*o**2 + 3*o - 15. Let d be b(6). Let p = 8 - -18. Let u = d - p. List the prime factors of u.
13
Let y = 718 - 672. List the prime factors of y.
2, 23
Suppose 37 = 4*t + a, 5*a + 3 = -t + 17. Let c(g) = g + 8. Let y be c(-8). Suppose -3*k + t = -y*k. List the prime factors of k.
3
Suppose -2*l + 2 + 22 = 0. Suppose -l = -3*g + k, -2*k - 4 = g - 15. Let j = g + 5. List the prime factors of j.
2, 5
Suppose 0 = -11*o + 943 + 465. Let w = o + -73. What are the prime factors of w?
5, 11
Suppose 0 = 2*v + 3*o - 135 - 188, v + 5*o = 158. List the prime factors of v.
163
Suppose 5*m - 3370 = -n, -2035 = -3*m + 2*n - 0*n. Let j = m + -388. What are the prime factors of j?
7, 41
List the prime factors of (-3817)/(-1) + (-1)/(13/104).
13, 293
Suppose 5*l - 2*i + 54 = i, 45 = -4*l + 3*i. What are the prime factors of ((885/l)/(-5))/(8/24)?
59
Suppose 3*a + d = 733, -a - 4*a + 1217 = 4*d. Suppose -4*m = -9*m + a. List the prime factors of m.
7
Suppose -963 = -3*r - 5*c + 46, 339 = r - c. What are the prime factors of r?
2, 13
Let d = -121 + 244. List the prime factors of d.
3, 41
Let j(t) = t**2 - 14*t + 45. Let k be j(9). Suppose 4*d = 2*g + 26, -d - 5*g + 3*g = 6. Suppose -n - d*n + 60 = k. What are the prime factors of n?
2, 3
Let m = 3 - -11. Let g = -12 + 